= 7 + -3. Suppose 2*b - b = f*c + 9, -3*c = 3. Calculate the remainder when b is divided by 1*4/6*3.
1
Suppose -2*i - 4*k + 5*k = -59, 0 = -4*k - 20. Calculate the remainder when i is divided by 7.
6
Suppose 3*i = 3*g + 1068, 5*i + 4*g - 1778 = 7*g. Calculate the remainder when i is divided by 51.
49
Let f = 34 + -4. What is the remainder when f is divided by 8?
6
Let p = 2 + 0. Suppose -b + 4 = 0, 0*g + p*g = -3*b. Let o(z) = -z**3 - 5*z**2 + 2*z. Calculate the remainder when o(g) is divided by 13.
11
Let b = 10 + 24. What is the remainder when b is divided by 7?
6
Suppose 0*g = 2*g - 68. Let w be 4/(-10) + (-32)/(-5). Suppose -5*y - 12 = -w*y. What is the remainder when g is divided by y?
10
Suppose -4*p = -4*n - 112, -13 - 139 = -4*p - 4*n. What is the remainder when p is divided by 18?
15
Suppose 4*q = -d - 10 + 26, -3*d = -2*q + 8. What is the remainder when 23 is divided by -1 + d + (-36)/(-4)?
7
Suppose 53 + 22 = 5*t. Suppose -2*r + 7*r + 115 = 0. Let b = 67 + r. What is the remainder when b is divided by t?
14
Let h(i) = -i**3 - i**2 + 2*i + 3. What is the remainder when 57 is divided by h(-3)?
12
Suppose 2*y = 46 + 46. Calculate the remainder when y is divided by 25.
21
Let g be (-2)/11 - 80/44. Suppose -s + 2*s = 2. Calculate the remainder when ((-3)/g)/(1/2) is divided by s.
1
Let u = 5 + -3. Suppose u*g = 3*g - 11. What is the remainder when 41 is divided by g?
8
Suppose -9 = j - 4*j. Let l(y) = y**2 - 3*y - 2. Let i be l(j). Calculate the remainder when 17 is divided by 11 + i*(1 + 0).
8
Suppose 107 = 2*s - 11. What is the remainder when s is divided by 30?
29
Let q = -1 + 29. Suppose 0 = 4*h - 15 - 25. What is the remainder when q is divided by h?
8
Let p = -4 - -13. What is the remainder when 2/(-1) - (p - 88) is divided by 20?
17
Let x(m) = -18*m**3 + 2*m**2 - 1. Let p be x(-1). Let s = p + -4. Let o = 58 + -30. Calculate the remainder when o is divided by s.
13
Suppose -u = -3*u - 28. Suppose -5*l - a = -18, -l - 3*l = -2*a - 20. Calculate the remainder when u/l*-6 - 2 is divided by 10.
9
Suppose -3*b + 7 = 1. Suppose -b*w = -5 - 15. Let c = 57 + -39. What is the remainder when c is divided by w?
8
What is the remainder when 35 is divided by (-6 + 5)*(-2 + -17)?
16
Suppose 0 = 3*t - 34 - 74. Let l(y) = 1 + 6*y + 0*y + 0*y. What is the remainder when t is divided by l(3)?
17
Let q(f) = -f**3 - 6*f**2 - 7*f + 1. What is the remainder when q(-5) is divided by 3?
2
Let t be 3/(3 + 27/(-6)). Let z = 0 - t. What is the remainder when 3 is divided by z?
1
Let t(q) = 18*q - 4. Let h(x) = -x**2 + 10*x + 24. Calculate the remainder when t(3) is divided by h(11).
11
Suppose 0 = -2*u - 3*u - i + 85, 3*i + 33 = 3*u. What is the remainder when 31 is divided by u?
15
Let i(h) be the first derivative of h**2 + h - 2. Let o be i(-1). Calculate the remainder when 55 is divided by 19 + (-2 + 1 - o).
17
Suppose -2*v - 3*d + 118 = 0, -4*v - 2*d = 3*d - 232. Calculate the remainder when v is divided by 14.
11
Let d(j) = -j**3 + j**2 + 2*j + 1. Suppose -2*i + 14 = -4*k, 0*i - 2 = 4*i - 2*k. What is the remainder when d(2) is divided by (-2)/(-2) + 3 + i?
0
Suppose -d + 2*d = -b + 63, 132 = 2*d + 5*b. Suppose 7*q - 168 = -q. What is the remainder when d is divided by q?
19
Suppose -5*j = -2*b - 128, -j - b + 7 = -13. Calculate the remainder when 93 is divided by j.
21
Suppose -j = -4*h - 71, -3*j - h = -61 - 165. Suppose 10 + 66 = 4*b. What is the remainder when j is divided by b?
18
Suppose 2*z - 7 = -k, 2*z - 27 = -k + 5*z. What is the remainder when k is divided by 4?
3
Suppose 0*x - 2 = -2*x. Calculate the remainder when 10 is divided by 5*x + -6 + 5.
2
Let q = -44 + 75. Suppose -2*b = 5*v - 4*v - 3, 0 = -5*b - 20. What is the remainder when q is divided by v?
9
Suppose 2*k - 3*l = 30, -5*l + 11 = 3*k - l. Let g = k + 2. What is the remainder when (2/(-3))/(2/(-60)) is divided by g?
9
Let n = -64 + 99. What is the remainder when n is divided by 21?
14
Let s be 2 + 0 - -10*2. Let y = s + -8. What is the remainder when 52 is divided by y?
10
What is the remainder when 1/(-1) - (-77 - 1) is divided by 16?
13
Let m = 69 - 59. What is the remainder when m is divided by 5?
0
Let z be ((-4)/14)/(6/(-84)). Calculate the remainder when 14 is divided by 1/(z/20*1).
4
Suppose z + z = 22. Suppose 3*s = -2*s + 5*h, 0 = -3*s + h + 4. Let m = 8 - s. Calculate the remainder when z is divided by m.
5
Let g be 4/(-20) - 52/(-10). Suppose -g*z - 62 = -187. Calculate the remainder when 49 is divided by z.
24
Let z be (-6)/(-21) + 116/(-14). Suppose 0 = -0*g + 5*g - 2*i - 4, g - 3*i = -7. Calculate the remainder when g is divided by (-5)/(-3) - z/(-12).
0
Suppose 96 = 3*r - 786. Suppose -r = -5*o + 2*n - 92, -5*o - n + 214 = 0. Calculate the remainder when o is divided by 4*5 + 1 + 1.
20
Let l(m) = m**3 + 11*m**2 - 15*m + 21. Calculate the remainder when l(-12) is divided by 10.
7
Let d(m) = -2*m. What is the remainder when 20 is divided by d(-6)?
8
Suppose -2*q - 160 = -3*b, -5*b - 3*q = -3*b - 124. What is the remainder when b is divided by 13?
4
Suppose p = -3*p + 80. Calculate the remainder when p is divided by 11.
9
Let t(p) = p**3 + 3*p**2 - 3*p + 3. What is the remainder when t(2) is divided by ((-28)/(-24))/7 - (-70)/12?
5
Let i(v) = v**3 - 5*v**2 + 3*v - 1. Suppose -6*k + 4*k + 10 = 0. Let m be i(k). Suppose -6 = -2*w + m. Calculate the remainder when w is divided by 3.
1
Let u(s) = -s**3 - 5*s**2 + s + 5. Let f be u(-5). Let r(w) = -w**3 + 9. What is the remainder when 34 is divided by r(f)?
7
Suppose 5*t - 2 = 8. Let b(q) = 11*q - 1. What is the remainder when b(t) is divided by 6?
3
Calculate the remainder when (26/4)/(1/2) is divided by (21/15)/((-5)/(-25)).
6
Let b = 200 + -186. Let k be (-2)/(-7) + (-422)/7. Let l = k - -86. Calculate the remainder when l is divided by b.
12
Let k = 19 - 10. Calculate the remainder when k is divided by 3.
0
Suppose -108 = -3*p + 2*c, 8*p - 2*c - 142 = 4*p. Let t be -2 - 4 - (0 - -3). Let l = t + p. Calculate the remainder when l is divided by 9.
7
Let g = -35 - -42. What is the remainder when 26 is divided by g?
5
Suppose p - 296 = 3*p. Let y = p - -209. Calculate the remainder when y is divided by 21.
19
Let o = 65 - -6. What is the remainder when o is divided by 12?
11
Let l(s) = s**3 + s**2 + 5. Suppose 0*r = 2*r. Suppose r - 12 = -y. Calculate the remainder when y is divided by l(0).
2
Suppose p - 18 - 8 = 0. Calculate the remainder when 93 is divided by p.
15
Let q(s) = 24*s + 4. What is the remainder when q(4) is divided by 34?
32
Let l(a) = -11*a - 1. Calculate the remainder when l(-5) is divided by 19.
16
Let w be 1*(-2 - -1)*-6. Suppose 3*r = w*r. What is the remainder when 34 is divided by (-2)/(-1) - -10 - r?
10
What is the remainder when 2 + (-5)/(-2)*2 is divided by (3/(-6))/(2/(-20))?
2
Suppose 0 = 3*c + 4*b - 40, -3*c - 2*b = -4*c. Calculate the remainder when 31 is divided by c.
7
Suppose 2*y - 62 = -2*q, 0*y + 5*q = -3*y + 83. Calculate the remainder when y is divided by 13.
10
Let y = 50 + -3. Let x be 0 + 24/(-1 + 2). Suppose -1 = z + 1, 2*n + 4*z = x. Calculate the remainder when y is divided by n.
15
Let i = 8 + 15. Calculate the remainder when 66 is divided by i.
20
Suppose -3*d + 32 = q, -d + 25 = 4*d. Calculate the remainder when 63 is divided by q.
12
Suppose -2*d - 3*k + 86 = 0, -5*k = -3*d + 198 - 31. Let r = 11 - 7. Suppose r*m - 18 = 34. Calculate the remainder when d is divided by m.
10
Let o(q) = -q**2 - 8*q + 9. Calculate the remainder when 47 is divided by o(-7).
15
Suppose -3*r + 45 = 2*r. Suppose -j + 16 = 4*i, 2*j = i - j + r. Suppose 2 - i = -t. Calculate the remainder when 1 is divided by t.
0
Let v(p) = p**2 + 2*p + 2. Let s(y) = y**2 + 8*y - 5. What is the remainder when v(-4) is divided by s(-9)?
2
Let j = -6 + 16. What is the remainder when -2*(-20 + 0 + 1) is divided by j?
8
Suppose -d = 351 - 358. What is the remainder when 214 is divided by d?
4
Suppose 0 = 4*h - 12, 79 = 4*v - 4*h + h. Let j = -41 - -49. Calculate the remainder when v is divided by j.
6
Let w = 29 + -46. Suppose 2*n = 3*n - 25. Let c = w + n. Calculate the remainder when 14 is divided by c.
6
Let s(k) = 3*k**3 - k**2 + k - 1. Let f be s(1). What is the remainder when 3/(f + (-15)/9) is divided by 4?
1
